pose -3*r + 31 = 4*q, -2*q - 5*r - g + 6 = 0. What are the prime factors of q?
2, 5
Suppose -56 = -4*r + 56. What are the prime factors of 116/7 + 12/r?
17
Suppose m - 46 = 4*k, -19 = -m + 3*k + 23. Let a = 45 - m. List the prime factors of a.
3, 5
Suppose 0 = 5*v - 15 - 10. Suppose -3*w + 14 = v. Suppose 3*f - 5*f = -2*h - 14, 2*f - 15 = w*h. What are the prime factors of f?
2, 3
What are the prime factors of (-494)/(-5) - (-11)/55?
3, 11
Let l(w) = w**2 + 5*w - 2. Let u be l(-6). Suppose 5 = -g - 5*r - 2, -r = u*g - 29. Suppose v - 5 = g. List the prime factors of v.
13
Let i(h) = 2*h**2 + 6*h + 7. Let p(c) = -c**2 - 6*c - 6. Let m(w) = -2*i(w) - 3*p(w). What are the prime factors of m(5)?
3
Let q(f) = -6*f + 7. Let x(k) = 5*k - 6. Let b(z) = -6*q(z) - 7*x(z). Let i be b(3). Suppose i*l - 32 = -l. List the prime factors of l.
2
Suppose h + 3*z = -0*h + 9, 3*h - 4*z - 1 = 0. Suppose -5*q = x - 64, 0 = 4*q - h*q + 3*x - 24. List the prime factors of q.
2, 3
Let q = -79 - -54. Let c = q + 40. Suppose 3*y - 61 = 2*n - c, -y - 5*n = -21. What are the prime factors of y?
2
Let f be (25/(-3))/(3/(-9)). Suppose f = 5*d + b, -d + 4*b = -16 - 10. What are the prime factors of d?
2, 3
Let x be -20*(34/10 - 3). Let h = x - -19. What are the prime factors of h?
11
Let c(m) = 2*m**3 - m**2 - 2*m - 1. Let y(w) = w + 13. Let o be y(-11). What are the prime factors of c(o)?
7
Let i(f) = 14*f - 6. Let n(p) = 7*p - 3. Let t(r) = -4*i(r) + 7*n(r). What are the prime factors of t(-6)?
3, 5
Let l(o) = o**2 - 3*o - 2. List the prime factors of l(4).
2
Let y(u) = -u**3 + 13*u**2 + 4. Let k be y(13). Suppose -2*a = -5*z + 2*a, z = 4*a. Suppose -k*w + z*w = -8. What are the prime factors of w?
2
Let z(h) = 2*h**2 - 3*h + 3. Let p be z(2). Let i(d) = -8*d + 1. Let g be i(-1). Suppose -4*f = 2*m - 8, -3*f + g = -p*m + 55. List the prime factors of m.
2
What are the prime factors of (70 - 9) + (3 - 2)?
2, 31
Suppose -4*b = -3*b - 3. Let s = 1 + b. What are the prime factors of s/10 + 86/10?
3
Suppose 4 = -4*b, -r = -0*r - 5*b - 8. Suppose -88 = -d - r*d. Suppose -11 = -t + 5*j + d, -4*t + 5*j = -57. What are the prime factors of t?
2
Let b(m) = -m**2 + 8*m - 4. Let p be b(7). Let f(r) = 2*r + 8. Let n(y) = y + 9. Let l(x) = p*n(x) - 2*f(x). What are the prime factors of l(0)?
11
Let t = 191 - -47. List the prime factors of t.
2, 7, 17
Suppose 3*b - 5 - 1 = 0. Suppose -b*s - 3*a = -17, -4*s + 6*a + 58 = 4*a. What are the prime factors of s?
13
Let y(b) = 6*b**2 + 13*b + 7. What are the prime factors of y(-7)?
2, 3, 5, 7
Suppose 0 = 2*x + 16 - 308. Suppose 39 = n + x. List the prime factors of (-6)/15 + n/(-5).
3, 7
Let f = 7 + 27. What are the prime factors of f?
2, 17
Let o(d) = -125*d + 85. Let w(j) = -9*j + 6. Let x(n) = 6*o(n) - 85*w(n). What are the prime factors of x(1)?
3, 5
Let c = 23 + -6. Let t = -12 + c. Suppose -t*y = -49 - 51. What are the prime factors of y?
2, 5
Suppose -d - 2 + 8 = 0. Let v(c) = -2*c - d - 2 + 7*c + c**2. What are the prime factors of v(-7)?
2, 3
Suppose 12 = -z - 0. Let j = z + 22. What are the prime factors of j?
2, 5
Suppose 4*q = 3*k - 63, -5*q + 4*k - 20 = 60. Let w(d) = d**2 - 2*d - 5. Let x be w(5). List the prime factors of 5/(-2)*q/x.
3
Suppose -b = -3*k + 1, 9 = -2*b + b - 5*k. Let p be b/(-6) - (-22)/3. Let m = p - -4. What are the prime factors of m?
2, 3
Suppose 2*r + 2*r = 2*g + 308, 20 = -5*g. Suppose -n - 2*n = -r. What are the prime factors of n?
5
Suppose -2*q + 30 - 2 = 0. List the prime factors of q.
2, 7
Suppose 4 = 2*b + 4*s, -s = b - 6*s - 16. Suppose -b = -4*n + 2*n. What are the prime factors of (4 - 1)*n - 0?
3
Suppose 4*r - 192 = -4*a, -r - 5*a - 103 = -3*r. List the prime factors of r.
7
Let n = 6 - 5. Let r = 3 - n. What are the prime factors of r?
2
Suppose -3*p = 3*x - 3, -x = 6*p - 2*p - 1. Suppose 3*l - 4*l + 3 = p. Suppose 3*j + 15 = o + 3, 12 = l*o + 3*j. List the prime factors of o.
2, 3
Let p(d) = -d**3 + 9*d**2 - d + 11. What are the prime factors of p(9)?
2
Let l be -2 + 3 + -1 + -1. Let y be (-1 - -3)*1 + l. Suppose -2*u + 13 = -y. What are the prime factors of u?
7
Let c = -31 - -4. Let s = c + 39. List the prime factors of s.
2, 3
Suppose 5*n + v + 2*v = 172, -5*v + 170 = 5*n. List the prime factors of n.
5, 7
Let h be (-2)/(-3)*(-312)/16. What are the prime factors of (h/(-4))/(3/24)?
2, 13
Let i(a) = a**2 - 4*a + 4. Suppose -3*x = 4 - 28. List the prime factors of i(x).
2, 3
Let g(b) = b**3 + 8*b**2 + 4*b + 2. List the prime factors of g(-6).
2, 5
List the prime factors of (-20)/25*(-180 + 0).
2, 3
What are the prime factors of (5 + -3)*(7 + -1)?
2, 3
Let l(d) = -d - 2 + 5 - 2*d. Let z be 4/(-4) + -6 + 3. List the prime factors of l(z).
3, 5
Let w be 8/(-36) - 1228/(-18). Suppose 12 = 3*k, -2*k - w = -4*m + 3*k. List the prime factors of m.
2, 11
Suppose 0 = -0*t + t - 8. List the prime factors of t.
2
Suppose -o - 4 = -46. Let q = o - 23. What are the prime factors of q?
19
List the prime factors of ((-24)/(-16))/(3/274).
137
Let a be 3*3/(36/20). Suppose 0 = -a*i - 4*k + 73, 6 = 3*k - 0*k. List the prime factors of i.
13
Let b(u) = 2*u - 29. Let v be b(15). Suppose -5*d - 5*w - 30 = 125, 3*d - 2*w = -103. What are the prime factors of d/(-15) - v/5?
2
Let c = 49 + -31. List the prime factors of 70/9 - (-4)/c.
2
Let f(h) = h**2 - h - 3. Let k be f(-6). Let i = -11 + k. List the prime factors of i.
2, 7
Suppose 11 = -g + 24. What are the prime factors of g?
13
Let p(i) = 8*i + 6. List the prime factors of p(14).
2, 59
Suppose 2*l - 3*l = -2. Suppose 4*x + x = -l*d + 3, 0 = -4*x - 12. List the prime factors of d.
3
Let p(w) = -2*w**3 + 40*w**2 + 2*w + 14. List the prime factors of p(20).
2, 3
Suppose -3*z - a + 88 = -6*a, -68 = -3*z - 5*a. Suppose 2*c + 20 = 7*c. List the prime factors of z*(-3)/(-24)*c.
13
Let v be 81/18*2/1. Suppose 33 + v = 3*g. What are the prime factors of g?
2, 7
Let h(a) = -5*a - 3. Let o = 3 + -5. Let k be h(o). Suppose x = -4*p + k, -5*p + 2*x + 6 = -3*p. List the prime factors of p.
2
Let d be 4/(-10) - (-20)/50. Suppose -14 = 3*s - 4*s - 3*g, s = -g + 6. Let j = s - d. What are the prime factors of j?
2
Suppose -3 = -2*x + c, 4*x - 3*c + 19 = 5*x. Suppose -x*j - 7 = -19. Suppose 70 = 5*q + 4*t, 3*q - 12 = -j*t + 27. List the prime factors of q.
2, 3
Suppose p - 436 = -2*z, 5*z - 1072 = 5*p - 3*p. What are the prime factors of z?
2, 3
Let w = 3 - 3. Suppose w = -2*x - 2*x + 3*c + 8, 3*c = -2*x + 22. What are the prime factors of x?
5
Let l = 35 + -16. Suppose -3*q + l = -14. List the prime factors of q.
11
Let w(f) = -f**3 + 11*f**2 - 19*f - 1. List the prime factors of w(8).
3, 13
Suppose -32 = -2*t - 3*r + 7*r, 0 = -5*r - 5. List the prime factors of t.
2, 7
What are the prime factors of 13/26 + (-39)/(-2)?
2, 5
Let p(k) = k**2. Let t be p(0). Suppose 4*y - y - 12 = t. Suppose -3*h + i + 29 = 0, 5*h - 3 = y*h + 2*i. List the prime factors of h.
11
Suppose -2*a = 2*a + 28. Let h = -97 + a. List the prime factors of h/(-4)*2/4.
13
Suppose -312 = -5*q + 118. Suppose 2*l + 0*l - q = 0. What are the prime factors of l?
43
Let r be (-7)/(-7) + 0/(-2). What are the prime factors of r/4 + 385/28?
2, 7
Suppose 0 = -8*a + 18*a - 1310. What are the prime factors of a?
131
Let s(r) = r**2 - r. Let l(y) = y**3 - 12*y**2 + 11*y - 9. Let u(m) = -l(m) - 5*s(m). Let o = -13 - -19. List the prime factors of u(o).
3
Let x be 508/24 - 2/12. Suppose 0*m - 17 = -n + 4*m, x = 3*n + 3*m. List the prime factors of n.
3
Let m(w) = 6*w**2 + 3. List the prime factors of m(3).
3, 19
Let b(y) = -4*y + 9. List the prime factors of b(-8).
41
Let t(r) = 18*r - 1. Let s = -3 - -4. What are the prime factors of t(s)?
17
Suppose l - 2*l + 2 = 0. Let v(s) = -l + 2*s - 8*s - 3 + 2*s. List the prime factors of v(-4).
11
Suppose 20*x = 17*x + 435. What are the prime factors of x?
5, 29
Let m = 13 - 12. Let c(o) = 3*o**3. What are the prime factors of c(m)?
3
Suppose 0 = 2*m + 5*t + 10 - 33, 0 = 5*m + 3*t - 105. What are the prime factors of m?
2, 3
Let s = 6 - 0. Suppose p = -p + s. List the prime factors of p.
3
Suppose -160 = -4*r + 2*r. List the prime factors of r.
2, 5
Let o(p) = 62*p + 4. List the prime factors of o(2).
2
Let u be ((-2)/4)/((-11)/(-264)). What are the prime factors of (8/u)/(2/(-4